{"id":5065,"date":"2021-09-29T19:11:57","date_gmt":"2021-09-29T18:11:57","guid":{"rendered":"https:\/\/bay-sec.de\/de\/mesmerize-2-2-2-2\/"},"modified":"2025-04-28T08:42:39","modified_gmt":"2025-04-28T07:42:39","slug":"sicherheitsforschung","status":"publish","type":"page","link":"https:\/\/bay-sec.de\/dach\/sicherheitsforschung\/","title":{"rendered":"Sicherheitsforschung"},"content":{"rendered":"<div  data-label=\"Content\" data-id=\"content--1\" data-export-id=\"content-12\" data-category=\"content\" class=\"content-12 content-section content-section-spacing\" id=\"content-1\" style=\"background-color: #ecf5f8; background-image: none;\">\n<div  class=\"gridContainer\">\n<div  class=\"row text-center\">\n<div  class=\"section-title-col\" data-type=\"column\">\n<h3  class=\"\">Die BaySec f\u00fchrt regelm\u00e4\u00dfig Sicherheitsstudien durch, um die Gesellschaft f\u00fcr Cybersicherheit zu sensibilisieren. Erfahren Sie hier mehr \u00fcber unsere aktuellen Studien.<\/h3>\n<\/div>\n<\/div>\n<div  class=\"row center-xs middle-xs\">\n<div  class=\"col-sm-9\" data-type=\"column\"><\/div>\n<\/div>\n<\/div>\n<\/div><div  data-label=\"Overlappable\" data-id=\"overlappable--3\" data-export-id=\"overlappable-5\" data-category=\"overlappable\" class=\"overlappable-5 content-section content-section-spacing\" data-overlap=\"true\" id=\"overlappable-2\" style=\"background-color: #ecf5f8; background-image: none;\">\n<div  class=\"gridContainer\">\n<div  data-type=\"row\" class=\"row shadow-medium bg-color-white\">\n<div  class=\"col-xs-12 col-sm-4 col-padding col-padding-xs bg-color27\">\n<div  class=\"row middle-sm\">\n<div  class=\"col-xs-12 col-sm-fit icon-column\" data-preview-empty=\"1\"><\/div>\n<div  data-type=\"column\" class=\"col-xs-12 col-sm v-spacing\"><\/div>\n<\/div>\n<div  class=\"row\">\n<div  class=\"col-xs-12 col-sm-12\" data-type=\"column\"><h3  class=\"\">Forschungsarbeit anzeigen<\/h3><p  class=\"lead\"><span  style=\"font-weight: 400;\">Sie erhalten sofortigen Zugang ohne Registrierung. Die Arbeit ist nur in englischer Sprache verf\u00fcgbar.<\/span>\n<br ><br ><span  style=\"font-weight: 400;\">Die Forschungsarbeit wurde 2021 durchgef\u00fchrt durch unseren Gesch\u00e4ftsf\u00fchrer w\u00e4hrend seiner Zeit an der Edinburgh Napier University in Schottland.<\/span><\/p><a  class=\"button color1\" href=\"https:\/\/bay-sec.de\/wp-content\/uploads\/Salko_Korac_SHE%20-%20Symmetric%20Hash-Based%20Encryption_with_appendix.pdf\" target=\"_blank\" data-cp-link=\"1\" data-icon=\"fa-file-pdf-o\" rel=\"noopener\"><span  class=\"button-icon fa fa-file-pdf-o\"><\/span>Forschungsarbeit herunterladen (PDF)<\/a><\/div>\n<\/div>\n<\/div><div  class=\"col-xs-12 col-sm-4 col-padding col-padding-xs bg-color27\">\n<div  class=\"row middle-sm\">\n<div  class=\"col-xs-12 col-sm-fit icon-column\" data-preview-empty=\"1\"><\/div>\n<div  data-type=\"column\" class=\"col-xs-12 col-sm v-spacing\"><\/div>\n<\/div>\n<div  class=\"row\">\n<div  class=\"col-xs-12 col-sm-12\" data-type=\"column\"><h3  class=\"\">Symmetrische, Hash-basierte Verschl\u00fcsselung mit Blake3, Shake und K12<\/h3><p  class=\"lead\"><span  style=\"font-weight: 400;\">Die Hash-Funktionen Blake3, KangarooTwelve (\u201eK12\u201c) und Shake unterst\u00fctzen Ausgaben beliebiger L\u00e4nge. In diesem Whitepaper werden<\/span><br ><span  style=\"font-weight: 400;\">\ndiese Hash-Funktionen mit der Key Derivation Function (KDF) und Extendable Output Function (XOF) verwendet um einen neuen Verschl\u00fcsselungsalgorithmus zu erreichen. Zeitgleich wurde die Performance auf verschiedenen System getestet.<\/span><\/p><\/div>\n<\/div>\n<\/div>\n<div  class=\"col-xs-12 col-sm-4 col-padding col-padding-xs bg-color27\">\n<div  class=\"row middle-sm\">\n<div  class=\"col-xs-12 col-sm-fit icon-column\" data-preview-empty=\"1\"><\/div>\n<div  data-type=\"column\" class=\"col-xs-12 col-sm v-spacing\"><\/div>\n<\/div>\n<div  class=\"row\">\n<div  class=\"col-xs-12 col-sm-12\" data-type=\"column\"><img  decoding=\"async\" class=\"custom-image\" src=\"https:\/\/bay-sec.de\/dach\/wp-content\/uploads\/sites\/13\/2024\/06\/Screenshot-SHE-Whitepaper.png\" title=\"Screenshot-SHE-Whitepaper\" alt=\"\"><\/div>\n<\/div>\n<\/div><div  class=\"col-xs-12 col-sm-4 col-padding col-padding-xs bg-color27\">\n<div  class=\"row middle-sm\">\n<div  class=\"col-xs-12 col-sm-fit icon-column\" data-preview-empty=\"1\"><\/div>\n<div  data-type=\"column\" class=\"col-xs-12 col-sm v-spacing\"><\/div>\n<\/div>\n<div  class=\"row\">\n<div  class=\"col-xs-12 col-sm-12\" data-type=\"column\"><img  decoding=\"async\" class=\"custom-image\" src=\"https:\/\/bay-sec.de\/dach\/wp-content\/uploads\/sites\/13\/2023\/08\/Studie-Darknet-2023-BaySec.png\" title=\"Studie-Darknet-2023-BaySec\" alt=\"\"><\/div>\n<\/div>\n<\/div><div  class=\"col-xs-12 col-sm-4 col-padding col-padding-xs bg-color27\">\n<div  class=\"row middle-sm\">\n<div  class=\"col-xs-12 col-sm-fit icon-column\" data-preview-empty=\"1\"><\/div>\n<div  data-type=\"column\" class=\"col-xs-12 col-sm v-spacing\"><\/div>\n<\/div>\n<div  class=\"row\">\n<div  class=\"col-xs-12 col-sm-12\" data-type=\"column\">\n<h3  class=\"\">Darknet Studie Deutschland 2023<\/h3>\n<p  class=\"lead\"><span  style=\"font-weight: 400;\">Die Sicherheitsforscher von BaySec haben mehr als 26.000 Unternehmen aus 80 Branchen und Kategorien analysiert.<\/span><\/p>\n<p  class=\"\">Unser 40 Seiten starkes Papier schafft ein Lagebild f\u00fcr Deutschland und gibt Empfehlungen wie Unternehmen sich sch\u00fctzen k\u00f6nnen.<\/p>\n\n<\/div>\n<\/div>\n<\/div>\n<div  class=\"col-xs-12 col-sm-4 col-padding col-padding-xs bg-color27\">\n<div  class=\"row middle-sm\">\n<div  class=\"col-xs-12 col-sm-fit icon-column\" data-preview-empty=\"1\"><\/div>\n<div  data-type=\"column\" class=\"col-xs-12 col-sm v-spacing\"><\/div>\n<\/div>\n<div  class=\"row\">\n<div  class=\"col-xs-12 col-sm-12\" data-type=\"column\">\n<h3  class=\"\">Studie unverbindlich anfordern<\/h3>\n<p  class=\"lead\"><span  style=\"font-weight: 400;\">Erhalten Sie den Studien-Bericht kostenlos und unverbindlich.<\/span><\/p>\n\n<div  data-editable=\"true\" data-name=\"ope-custom-content-shortcode\" data-content-shortcode=\"wpforms id=&quot;4781&quot;\" class=\"\"><div class=\"wpforms-container wpforms-container-full\" id=\"wpforms-4781\"><form id=\"wpforms-form-4781\" class=\"wpforms-validate wpforms-form wpforms-ajax-form\" data-formid=\"4781\" method=\"post\" enctype=\"multipart\/form-data\" action=\"\/dach\/wp-json\/wp\/v2\/pages\/5065\" data-token=\"9cf784ffbc0815439e563577f2e8db0e\"><noscript class=\"wpforms-error-noscript\">Bitte aktiviere JavaScript in deinem Browser, um dieses Formular fertigzustellen.<\/noscript><div class=\"wpforms-field-container\"><div id=\"wpforms-4781-field_3-container\" class=\"wpforms-field wpforms-field-text\" data-field-id=\"3\"><label class=\"wpforms-field-label\" for=\"wpforms-4781-field_3\">Firma\/Organisation <span class=\"wpforms-required-label\">*<\/span><\/label><input type=\"text\" id=\"wpforms-4781-field_3\" class=\"wpforms-field-large wpforms-field-required\" name=\"wpforms[fields][3]\" required><\/div><div id=\"wpforms-4781-field_0-container\" class=\"wpforms-field wpforms-field-name\" data-field-id=\"0\"><label class=\"wpforms-field-label\" for=\"wpforms-4781-field_0\">Name <span class=\"wpforms-required-label\">*<\/span><\/label><div class=\"wpforms-field-row wpforms-field-large\"><div class=\"wpforms-field-row-block wpforms-first wpforms-one-half\"><input type=\"text\" id=\"wpforms-4781-field_0\" class=\"wpforms-field-name-first wpforms-field-required\" name=\"wpforms[fields][0][first]\" required><label for=\"wpforms-4781-field_0\" class=\"wpforms-field-sublabel after \">Vorname<\/label><\/div><div class=\"wpforms-field-row-block wpforms-one-half\"><input type=\"text\" id=\"wpforms-4781-field_0-last\" class=\"wpforms-field-name-last wpforms-field-required\" name=\"wpforms[fields][0][last]\" required><label for=\"wpforms-4781-field_0-last\" class=\"wpforms-field-sublabel after \">Nachname<\/label><\/div><\/div><\/div><div id=\"wpforms-4781-field_1-container\" class=\"wpforms-field wpforms-field-email\" data-field-id=\"1\"><label class=\"wpforms-field-label\" for=\"wpforms-4781-field_1\">Gesch\u00e4ftliche Email <span class=\"wpforms-required-label\">*<\/span><\/label><input type=\"email\" id=\"wpforms-4781-field_1\" class=\"wpforms-field-large wpforms-field-required\" name=\"wpforms[fields][1]\" spellcheck=\"false\" required><\/div><\/div><!-- .wpforms-field-container --><div class=\"wpforms-submit-container\" ><input type=\"hidden\" name=\"wpforms[id]\" value=\"4781\"><input type=\"hidden\" name=\"wpforms[author]\" value=\"1\"><button type=\"submit\" name=\"wpforms[submit]\" id=\"wpforms-submit-4781\" class=\"wpforms-submit\" data-alt-text=\"Sendet..\" data-submit-text=\"Absenden\" aria-live=\"assertive\" value=\"wpforms-submit\">Absenden<\/button><img decoding=\"async\" src=\"https:\/\/bay-sec.de\/dach\/wp-content\/plugins\/wpforms-lite\/assets\/images\/submit-spin.svg\" class=\"wpforms-submit-spinner\" style=\"display: none;\" width=\"26\" height=\"26\" alt=\"Wird geladen\"><\/div><\/form><\/div>  <!-- .wpforms-container --><\/div>\n<\/div>\n<\/div>\n<\/div>\n<div  class=\"col-xs-12 col-sm-4 col-padding col-padding-xs bg-color14\">\n<div  class=\"row middle-sm\">\n<div  class=\"col-xs-12 col-sm-fit icon-column\" data-preview-empty=\"1\"><\/div>\n<div  data-type=\"column\" class=\"col-xs-12 col-sm v-spacing\"><\/div>\n<\/div>\n<div  class=\"row\">\n<div  class=\"col-xs-12 col-sm-12\" data-type=\"column\"><h3  class=\"\">Forschungsarbeit anzeigen<\/h3><p  class=\"lead\"><span  style=\"font-weight: 400;\">Sie erhalten sofortigen Zugang ohne Registrierung. Die HTML version wurde automatisiert konvertiert. Daher k\u00f6nnen Fehler bei der Darstellung entstehen. Die Beste Qualit\u00e4t erhalten Sie mit dem PDF-Format.<\/span><\/p><a  class=\"button color1\" href=\"https:\/\/bay-sec.de\/dach\/security-research-linux-ransomware-blackbasta-clop-icefire-msc-thesis-edinburgh-napier-university\" target=\"_blank\" data-cp-link=\"1\" data-icon=\"fa-search-plus\" rel=\"noopener\"><span  class=\"button-icon fa fa-search-plus\"><\/span>Forschungsarbeit aufrufen (HTML)<\/a><a  class=\"button color1\" href=\"https:\/\/bay-sec.de\/wp-content\/uploads\/Thesis_40517266_version_final_for_grading.pdf\" target=\"_blank\" data-cp-link=\"1\" data-icon=\"fa-file-pdf-o\" rel=\"noopener\"><span  class=\"button-icon fa fa-file-pdf-o\"><\/span>Forschungsarbeit herunterladen (PDF)<\/a><\/div>\n<\/div>\n<\/div><div  class=\"col-xs-12 col-sm-4 col-padding col-padding-xs bg-color14\">\n<div  class=\"row middle-sm\">\n<div  class=\"col-xs-12 col-sm-fit icon-column\" data-preview-empty=\"1\"><\/div>\n<div  data-type=\"column\" class=\"col-xs-12 col-sm v-spacing\"><\/div>\n<\/div>\n<div  class=\"row\">\n<div  class=\"col-xs-12 col-sm-12\" data-type=\"column\"><h3  class=\"\">Forschungsarbeit Linux Ransomware (Englisch)<\/h3><p  class=\"lead\"><span  style=\"font-weight: 400;\">Mitarbeiter von BaySec haben analysiert, wie sich Verschl\u00fcsselungstrojaner auf Linux Systeme auswirken: \u201c<span  style=\"font-style: italic;\">Ransomware: Analysis and Evaluation of Live Forensic Techniques and the Impact on Linux Systems<\/span>\u201c<\/span><\/p><p  class=\"\">Das 72 Seiten starke Papier ist direkt aufrufbar ohne Registrierung, da es eine wissenschaftliche Forschungsarbeit an der Edinburg Napier University ist.\n<br ><br >Die Sprache ist Englisch. Sollten Sie eine \u00dcbersetzung w\u00fcnschen, \u00f6ffnen Sie bitte die HTML Version und \u00fcbersetzen den Text mit Ihrem Browser.<\/p><\/div>\n<\/div>\n<\/div><div  class=\"col-xs-12 col-sm-4 col-padding col-padding-xs bg-color14\">\n<div  class=\"row middle-sm\">\n<div  class=\"col-xs-12 col-sm-fit icon-column\" data-preview-empty=\"1\"><\/div>\n<div  data-type=\"column\" class=\"col-xs-12 col-sm v-spacing\"><\/div>\n<\/div>\n<div  class=\"row\">\n<div  class=\"col-xs-12 col-sm-12\" data-type=\"column\"><img  decoding=\"async\" class=\"custom-image\" src=\"https:\/\/bay-sec.de\/dach\/wp-content\/uploads\/sites\/13\/2023\/12\/Thumbnail_Linux_Ransomware_Forschungsarbeit.png\" title=\"Thumbnail_Linux_Ransomware_Forschungsarbeit\" alt=\"\"><\/div>\n<\/div>\n<\/div><\/div>\n<\/div>\n<\/div><div  data-label=\"Overlappable\" data-id=\"overlappable--4\" data-export-id=\"overlappable-1\" data-category=\"overlappable\" class=\"overlappable-1 content-section content-section-spacing\" data-overlap=\"true\" id=\"overlappable-3\" style=\"background-color: #ecf5f8; background-image: none;\">\n<div  class=\"gridContainer\">\n<div  data-type=\"row\" class=\"row shadow-medium\">\n<div  data-type=\"column\" class=\"col-xs-12 col-sm-4 flexcol bg-color-white col-padding col-padding-small-xs\">\n<p  class=\"lead\"><\/p>\n\n<\/div>\n<div  data-type=\"column\" class=\"col-xs-12 col-sm-4 flexcol bg-color-white col-padding col-padding-small-xs\">\n<h3  class=\"\">Domain Security Studie 2023<\/h3>\n<p  class=\"lead\">F\u00fcr das zweite Halbjahr 2023 ist eine weitere Studie von BaySec geplant.<\/p>\n\n<\/div>\n<div  data-type=\"column\" class=\"col-xs-12 col-sm-4 flexcol bg-color-white col-padding col-padding-small-xs\">\n<h3  class=\"\">Bald verf\u00fcgbar<\/h3>\n<\/div>\n<\/div>\n<\/div>\n<\/div>","protected":false},"excerpt":{"rendered":"<p>Die BaySec f\u00fchrt regelm\u00e4\u00dfig Sicherheitsstudien durch, um die Gesellschaft f\u00fcr Cybersicherheit zu sensibilisieren. Erfahren Sie hier mehr \u00fcber unsere aktuellen Studien. Forschungsarbeit anzeigenSie erhalten sofortigen Zugang ohne Registrierung. Die Arbeit ist nur in englischer Sprache verf\u00fcgbar. Die Forschungsarbeit wurde 2021 durchgef\u00fchrt durch unseren Gesch\u00e4ftsf\u00fchrer w\u00e4hrend seiner Zeit an der Edinburgh Napier University in Schottland.Forschungsarbeit herunterladen&hellip; <br \/> <a class=\"read-more\" href=\"https:\/\/bay-sec.de\/dach\/sicherheitsforschung\/\">Read more<\/a><\/p>\n","protected":false},"author":1,"featured_media":0,"parent":0,"menu_order":0,"comment_status":"closed","ping_status":"closed","template":"pro\/page-templates\/full-width-page.php","meta":{"footnotes":""},"class_list":["post-5065","page","type-page","status-publish","hentry"],"_links":{"self":[{"href":"https:\/\/bay-sec.de\/dach\/wp-json\/wp\/v2\/pages\/5065","targetHints":{"allow":["GET"]}}],"collection":[{"href":"https:\/\/bay-sec.de\/dach\/wp-json\/wp\/v2\/pages"}],"about":[{"href":"https:\/\/bay-sec.de\/dach\/wp-json\/wp\/v2\/types\/page"}],"author":[{"embeddable":true,"href":"https:\/\/bay-sec.de\/dach\/wp-json\/wp\/v2\/users\/1"}],"replies":[{"embeddable":true,"href":"https:\/\/bay-sec.de\/dach\/wp-json\/wp\/v2\/comments?post=5065"}],"version-history":[{"count":35,"href":"https:\/\/bay-sec.de\/dach\/wp-json\/wp\/v2\/pages\/5065\/revisions"}],"predecessor-version":[{"id":7830,"href":"https:\/\/bay-sec.de\/dach\/wp-json\/wp\/v2\/pages\/5065\/revisions\/7830"}],"wp:attachment":[{"href":"https:\/\/bay-sec.de\/dach\/wp-json\/wp\/v2\/media?parent=5065"}],"curies":[{"name":"wp","href":"https:\/\/api.w.org\/{rel}","templated":true}]}}