{"id":6350,"date":"2023-09-12T16:06:23","date_gmt":"2023-09-12T15:06:23","guid":{"rendered":"https:\/\/bay-sec.de\/dach\/?page_id=6350"},"modified":"2023-09-19T11:53:06","modified_gmt":"2023-09-19T10:53:06","slug":"awareness-training-informationssicherheit-demo-telefonnummern-faelschen","status":"publish","type":"page","link":"https:\/\/bay-sec.de\/dach\/awareness-training-informationssicherheit-demo-telefonnummern-faelschen\/","title":{"rendered":"Awareness Training \u2013 Informationssicherheit \u2013 Demo: Telefonnummern f\u00e4lschen"},"content":{"rendered":"\t\t<div data-elementor-type=\"wp-page\" data-elementor-id=\"6350\" class=\"elementor elementor-6350\">\n\t\t\t\t\t\t\t\t\t<section class=\"elementor-section elementor-top-section elementor-element elementor-element-399ba875 elementor-section-boxed elementor-section-height-default elementor-section-height-default\" data-id=\"399ba875\" data-element_type=\"section\">\n\t\t\t\t\t\t<div class=\"elementor-container elementor-column-gap-default\">\n\t\t\t\t\t<div class=\"elementor-column elementor-col-100 elementor-top-column elementor-element elementor-element-248d18e1\" data-id=\"248d18e1\" data-element_type=\"column\">\n\t\t\t<div class=\"elementor-widget-wrap elementor-element-populated\">\n\t\t\t\t\t\t\t\t<div class=\"elementor-element elementor-element-6a96c061 elementor-widget elementor-widget-text-editor\" data-id=\"6a96c061\" data-element_type=\"widget\" data-widget_type=\"text-editor.default\">\n\t\t\t\t<div class=\"elementor-widget-container\">\n\t\t\t<style>\/*! elementor - v3.18.0 - 20-12-2023 *\/\n.elementor-widget-text-editor.elementor-drop-cap-view-stacked .elementor-drop-cap{background-color:#69727d;color:#fff}.elementor-widget-text-editor.elementor-drop-cap-view-framed .elementor-drop-cap{color:#69727d;border:3px solid;background-color:transparent}.elementor-widget-text-editor:not(.elementor-drop-cap-view-default) .elementor-drop-cap{margin-top:8px}.elementor-widget-text-editor:not(.elementor-drop-cap-view-default) .elementor-drop-cap-letter{width:1em;height:1em}.elementor-widget-text-editor .elementor-drop-cap{float:left;text-align:center;line-height:1;font-size:50px}.elementor-widget-text-editor .elementor-drop-cap-letter{display:inline-block}<\/style>\t\t\t\t<p>\r\n        <div class='html5_video_players' style=\"width:100%;\" data-nonce=\"78961908a6\" data-attributes=\"{&quot;options&quot;:{&quot;controls&quot;:[&quot;play-large&quot;,&quot;rewind&quot;,&quot;play&quot;,&quot;fast-forward&quot;,&quot;progress&quot;,&quot;current-time&quot;,&quot;mute&quot;,&quot;volume&quot;,&quot;captions&quot;,&quot;settings&quot;,&quot;fullscreen&quot;],&quot;tooltips&quot;:{&quot;controls&quot;:true,&quot;seek&quot;:true},&quot;seekTime&quot;:10,&quot;loop&quot;:{&quot;active&quot;:false},&quot;autoplay&quot;:true,&quot;muted&quot;:false,&quot;hideControls&quot;:false,&quot;resetOnEnd&quot;:false,&quot;captions&quot;:{&quot;active&quot;:true,&quot;language&quot;:&quot;auto&quot;,&quot;update&quot;:false},&quot;ratio&quot;:null,&quot;speed&quot;:{&quot;selected&quot;:1,&quot;options&quot;:[&quot;0.5&quot;,&quot;0.75&quot;,1,&quot;1.25&quot;,&quot;1.5&quot;,&quot;1.75&quot;,2,&quot;2.5&quot;,3]},&quot;storage&quot;:{&quot;enabled&quot;:true},&quot;urls&quot;:{&quot;download&quot;:null},&quot;markers&quot;:{&quot;enabled&quot;:false,&quot;points&quot;:[]},&quot;ads&quot;:{&quot;enabled&quot;:false},&quot;disablePause&quot;:false},&quot;additionalID&quot;:&quot;&quot;,&quot;features&quot;:{&quot;overlay&quot;:{&quot;enabled&quot;:false,&quot;items&quot;:[{&quot;color&quot;:&quot;#ffffff&quot;,&quot;hoverColor&quot;:&quot;#ffffff&quot;,&quot;fontSize&quot;:&quot;20px&quot;,&quot;link&quot;:&quot;#&quot;,&quot;logo&quot;:false,&quot;position&quot;:&quot;top_right&quot;,&quot;text&quot;:false,&quot;type&quot;:&quot;logo&quot;,&quot;backgroundColor&quot;:&quot;#333&quot;,&quot;opacity&quot;:0.8000000000000000444089209850062616169452667236328125}]},&quot;sticky&quot;:{&quot;enabled&quot;:false,&quot;position&quot;:&quot;top_right&quot;},&quot;chapters&quot;:[],&quot;watermark&quot;:[],&quot;thumbInPause&quot;:{&quot;enabled&quot;:false,&quot;type&quot;:&quot;default&quot;},&quot;endScreen&quot;:{&quot;enabled&quot;:false,&quot;text&quot;:&quot;Endscreen text&quot;,&quot;btnText&quot;:&quot;Watch Again&quot;,&quot;btnLink&quot;:&quot;#&quot;},&quot;popup&quot;:{&quot;enabled&quot;:false,&quot;selector&quot;:false,&quot;hasBtn&quot;:false,&quot;type&quot;:&quot;poster&quot;,&quot;btnText&quot;:&quot;Watch Video&quot;,&quot;btnStyle&quot;:{&quot;color&quot;:&quot;#fff&quot;,&quot;backgroundColor&quot;:&quot;#006BA1&quot;,&quot;fontSize&quot;:&quot;16px&quot;,&quot;padding&quot;:{&quot;top&quot;:&quot;10px&quot;,&quot;right&quot;:&quot;20px&quot;,&quot;bottom&quot;:&quot;10px&quot;,&quot;left&quot;:&quot;20px&quot;},&quot;align&quot;:&quot;center&quot;}},&quot;hideLoadingPlaceholder&quot;:false},&quot;data&quot;:[],&quot;propagans&quot;:false,&quot;customDownloadURL&quot;:false,&quot;captionEnabled&quot;:false,&quot;disableDownload&quot;:false,&quot;disablePause&quot;:false,&quot;startTime&quot;:0,&quot;thumbInPause&quot;:false,&quot;thumbStyle&quot;:&quot;default&quot;,&quot;autoplayWhenVisible&quot;:false,&quot;saveState&quot;:true,&quot;protected&quot;:false,&quot;captions&quot;:[{&quot;label&quot;:&quot;label&quot;,&quot;caption_file&quot;:&quot;&quot;}],&quot;qualities&quot;:[],&quot;source&quot;:&quot;https:\\\/\\\/bay-sec.de\\\/wp-content\\\/uploads\\\/Awareness_Training\\\/Copyright_Bay-Sec_Training_Informationssicherheit_2_Demo1_Telefonnummern.mp4&quot;,&quot;poster&quot;:false,&quot;hideYoutubeUI&quot;:false,&quot;branding&quot;:{&quot;enabled&quot;:false,&quot;color&quot;:&quot;#ffffff&quot;},&quot;styles&quot;:{&quot;something sdk.sdkf#lsd&quot;:{&quot;width&quot;:&quot;100%&quot;}}}\">\r\n            <div class=\"preload_poster\" style=\"background: url();background-position: 50% 50%;overflow:hidden;aspect-ratio:\">\r\n                <svg width=\"36px\" height=\"36px\" viewBox=\"0 0 15 15\" fill=\"none\" xmlns=\"http:\/\/www.w3.org\/2000\/svg\">\r\n                    <path d=\"M4.79062 2.09314C4.63821 1.98427 4.43774 1.96972 4.27121 2.05542C4.10467 2.14112 4 2.31271 4 2.5V12.5C4 12.6873 4.10467 12.8589 4.27121 12.9446C4.43774 13.0303 4.63821 13.0157 4.79062 12.9069L11.7906 7.90687C11.922 7.81301 12 7.66148 12 7.5C12 7.33853 11.922 7.18699 11.7906 7.09314L4.79062 2.09314Z\" fill=\"#fff\"\/>\r\n                <\/svg>\r\n            <\/div>\r\n        <\/div>\r\n        <\/p>\t\t\t\t\t\t<\/div>\n\t\t\t\t<\/div>\n\t\t\t\t\t<\/div>\n\t\t<\/div>\n\t\t\t\t\t\t\t<\/div>\n\t\t<\/section>\n\t\t\t\t<section class=\"elementor-section elementor-top-section elementor-element elementor-element-1574268c elementor-section-boxed elementor-section-height-default elementor-section-height-default\" data-id=\"1574268c\" data-element_type=\"section\">\n\t\t\t\t\t\t<div class=\"elementor-container elementor-column-gap-default\">\n\t\t\t\t\t<div class=\"elementor-column elementor-col-16 elementor-top-column elementor-element elementor-element-5f2686ae\" data-id=\"5f2686ae\" data-element_type=\"column\">\n\t\t\t<div class=\"elementor-widget-wrap elementor-element-populated\">\n\t\t\t\t\t\t\t\t<div class=\"elementor-element elementor-element-1fd33d6a elementor-widget elementor-widget-text-editor\" data-id=\"1fd33d6a\" data-element_type=\"widget\" data-widget_type=\"text-editor.default\">\n\t\t\t\t<div class=\"elementor-widget-container\">\n\t\t\t\t\t\t\t<h3><a href=\"https:\/\/bay-sec.de\/dach\/awareness-training-informationssicherheit-einfuehrung\/\">&lt;&lt; ZUR\u00dcCK<\/a><\/h3>\t\t\t\t\t\t<\/div>\n\t\t\t\t<\/div>\n\t\t\t\t\t<\/div>\n\t\t<\/div>\n\t\t\t\t<div class=\"elementor-column elementor-col-66 elementor-top-column elementor-element elementor-element-33a3f04e\" data-id=\"33a3f04e\" data-element_type=\"column\">\n\t\t\t<div class=\"elementor-widget-wrap elementor-element-populated\">\n\t\t\t\t\t\t\t\t<div class=\"elementor-element elementor-element-6640bb76 elementor-widget elementor-widget-text-editor\" data-id=\"6640bb76\" data-element_type=\"widget\" data-widget_type=\"text-editor.default\">\n\t\t\t\t<div class=\"elementor-widget-container\">\n\t\t\t\t\t\t\t<p>Hinweis:&nbsp;<span style=\"font-weight: bold;\">Weiter-Button<\/span>&nbsp;erscheint auf der rechten Seite, kurz bevor das Video endet.&nbsp;<\/p>\n<p><span style=\"font-weight: bold;\"><u>Das wichtigste zusammengefasst:&nbsp;<\/u><\/span><\/p>\n<ol>\n<li>Telefonnummern und Stimmen zu f\u00e4lschen, ist recht einfach. Manchmal rufen die Hacker auch nur auf die Mailbox an. Sie als Opfer erhalten dann eine SMS \u00fcber einen &#8220;Anruf in Abwesenheit&#8221;. Die Hacker schicken dann eine gef\u00e4lschte eMail hinterher und dies unterstreicht die scheinbare Vertrauensw\u00fcrdigkeit. Bei diesen sehr gewieften Angriffen haben Sie kaum eine Chance.<\/li>\n<li>Auch komplette Nummern k\u00f6nnen gef\u00e4lscht werden, z.B. einer anderen Schule, eine Mobilfunknummer.<\/li>\n<li>In dem obigen Video h\u00e4tten wir durchaus die Telefonnummer der Polizei, eines beliebigen Amtes oder einer Ihrer Familienmitglieder f\u00e4lschen k\u00f6nnen.<\/li>\n<\/ol>\n<div>&nbsp;<\/div>\n<ol>\n<li><u style=\"font-weight: bold;\">So sch\u00fctzen Sie sich:<\/u><\/li>\n<\/ol>\n<ol>\n<li>Wenn der Anrufer &#8220;komisch&#8221; wirkt, die Stimme ver\u00e4ndert scheint oder sich an wesentliche Sachen nicht erinnert: Legen Sie auf und rufen Sie Ihren Kontakt unter der&nbsp;<u>Ihnen bekannten<\/u>&nbsp;Nummer zur\u00fcck. So werden Sie mit Ihrem Kontakt verbunden.<\/li>\n<li>Bei gro\u00dfen Transaktionen\/wichtigen Angelegenheiten rufen Sie sicherheitshalber Ihren Kontakt an und bitten um kurze Best\u00e4tigung. Vereinbaren Sie Schwellwerte in Ihrem Amt, Schule bzw. Einrichtung: z.B. R\u00fcckbest\u00e4tigung ab 1.000 \u20ac Betr\u00e4ge?<\/li>\n<\/ol>\n<div>&nbsp;<\/div>\n<ol>\n<li><u style=\"font-weight: bold;\">Begriffserkl\u00e4rung:<\/u><\/li>\n<\/ol>\n<div>\n<ul>\n<li><u>Eine Demo<\/u>&nbsp;ist Englisch und bedeutet Vorf\u00fchrung.<\/li>\n<\/ul>\n<\/div>\t\t\t\t\t\t<\/div>\n\t\t\t\t<\/div>\n\t\t\t\t\t<\/div>\n\t\t<\/div>\n\t\t\t\t<div class=\"elementor-column elementor-col-16 elementor-top-column elementor-element elementor-element-51e44120\" data-id=\"51e44120\" data-element_type=\"column\">\n\t\t\t<div class=\"elementor-widget-wrap elementor-element-populated\">\n\t\t\t\t\t\t\t\t<div class=\"elementor-element elementor-element-66b74585 elementor-widget elementor-widget-text-editor\" data-id=\"66b74585\" data-element_type=\"widget\" data-widget_type=\"text-editor.default\">\n\t\t\t\t<div class=\"elementor-widget-container\">\n\t\t\t\t\t\t\t<p><div class='timed-content-client_show_0_5_1000' style='display: none;'><font face=\"Muli, Helvetica, Arial, sans-serif\"><span style=\"font-size: 1.5rem;\"><b><a href=\"https:\/\/bay-sec.de\/dach\/awareness-training-informationssicherheit-demo-emails-faelschen\/\">&gt;&gt; WEITER<\/a><\/b><\/span><\/font><\/div><\/p>\n<div>&nbsp;<\/div>\t\t\t\t\t\t<\/div>\n\t\t\t\t<\/div>\n\t\t\t\t\t<\/div>\n\t\t<\/div>\n\t\t\t\t\t\t\t<\/div>\n\t\t<\/section>\n\t\t\t\t\t\t\t<\/div>\n\t\t","protected":false},"excerpt":{"rendered":"<p>&lt;&lt; ZUR\u00dcCK Hinweis:&nbsp;Weiter-Button&nbsp;erscheint auf der rechten Seite, kurz bevor das Video endet.&nbsp; Das wichtigste zusammengefasst:&nbsp; Telefonnummern und Stimmen zu f\u00e4lschen, ist recht einfach. Manchmal rufen die Hacker auch nur auf die Mailbox an. Sie als Opfer erhalten dann eine SMS \u00fcber einen &#8220;Anruf in Abwesenheit&#8221;. Die Hacker schicken dann eine gef\u00e4lschte eMail hinterher und dies&hellip; <br \/> <a class=\"read-more\" href=\"https:\/\/bay-sec.de\/dach\/awareness-training-informationssicherheit-demo-telefonnummern-faelschen\/\">Read more<\/a><\/p>\n","protected":false},"author":1,"featured_media":0,"parent":0,"menu_order":0,"comment_status":"closed","ping_status":"closed","template":"","meta":{"footnotes":""},"class_list":["post-6350","page","type-page","status-publish","hentry"],"_links":{"self":[{"href":"https:\/\/bay-sec.de\/dach\/wp-json\/wp\/v2\/pages\/6350","targetHints":{"allow":["GET"]}}],"collection":[{"href":"https:\/\/bay-sec.de\/dach\/wp-json\/wp\/v2\/pages"}],"about":[{"href":"https:\/\/bay-sec.de\/dach\/wp-json\/wp\/v2\/types\/page"}],"author":[{"embeddable":true,"href":"https:\/\/bay-sec.de\/dach\/wp-json\/wp\/v2\/users\/1"}],"replies":[{"embeddable":true,"href":"https:\/\/bay-sec.de\/dach\/wp-json\/wp\/v2\/comments?post=6350"}],"version-history":[{"count":44,"href":"https:\/\/bay-sec.de\/dach\/wp-json\/wp\/v2\/pages\/6350\/revisions"}],"predecessor-version":[{"id":6676,"href":"https:\/\/bay-sec.de\/dach\/wp-json\/wp\/v2\/pages\/6350\/revisions\/6676"}],"wp:attachment":[{"href":"https:\/\/bay-sec.de\/dach\/wp-json\/wp\/v2\/media?parent=6350"}],"curies":[{"name":"wp","href":"https:\/\/api.w.org\/{rel}","templated":true}]}}