{"id":7835,"date":"2021-10-14T19:34:04","date_gmt":"2021-10-14T18:34:04","guid":{"rendered":"https:\/\/bay-sec.de\/dach\/datenschutzerklaerung-2\/"},"modified":"2025-05-14T19:57:53","modified_gmt":"2025-05-14T18:57:53","slug":"datenschutzerklaerung-vorherige-version-bis-14-mai-2025","status":"publish","type":"page","link":"https:\/\/bay-sec.de\/dach\/datenschutzerklaerung-vorherige-version-bis-14-mai-2025\/","title":{"rendered":"Datenschutzerkl\u00e4rung &#8211; vorherige Version bis 14. Mai 2025"},"content":{"rendered":"<figure>\r\n<table>\r\n<tbody>\r\n<tr>\r\n<td data-align=\"top\">\r\n<p><strong>Deutsche Version<\/strong><\/p>\r\n<p>Nachfolgend sehen Sie unsere Datenschutzerkl\u00e4rung. Im Falle eines m\u00f6glichen Widerspruchs gilt die deutsche Version.<\/p>\r\n<p><strong>\u00a7 1 Information \u00fcber die Erhebung personenbezogener Daten<\/strong><br><strong>&nbsp;<\/strong><br>Nachfolgend informieren wir wie wir personenbezogene Daten erheben und verarbeiten, wenn Sie unsere Website benutzen. Als personenbezogene Daten sind alle Daten einzuordnen, welche auf Sie pers\u00f6nlich beziehbar sind. Das sind beispielsweise Name, Adresse, e-Mail-Adresse. Gem. Art. 4 Abs. 7 EU-Datenschutz-Grundverordnung (DS-GVO) ist Verantwortlicher BaySec &#8211; Bayerische Gesellschaft f\u00fcr Cybersicherheit mbH, Stoissberg 79, 83454 Anger&nbsp;(siehe unser Impressum f\u00fcr mehr Informationen). Wenn Sie uns per e-Mail oder per Kontaktformular kontaktieren, speichern wir die von Ihnen mitgeteilten Daten, damit wir Ihre Frage bearbeiten bzw. beantworten k\u00f6nnen. Diese Daten l\u00f6schen wir, nachdem die Aufbewahrung der Daten nicht mehr notwendig ist, oder wir schr\u00e4nken die Verarbeitung ein, sollten gesetzliche Aufbewahrungspflichten dies erforderlich machen. In dem Fall, dass wir f\u00fcr einzelne Funktionen im Rahmen unserer Datenverarbeitung auf beauftragte Dienstleister zur\u00fcckgreifen, werden wir Sie untenstehend detalliert hier\u00fcber informieren. Dies gilt auch, wenn wir Ihre Daten f\u00fcr werbliche Zwecke nutzen m\u00f6chten. Sie werden in dem Zuge auch \u00fcber die Kriterien der Speicherdauer informiert.<\/p>\r\n<p><strong>\u00a7 2 Ihre Rechte<\/strong><br><strong>&nbsp;<\/strong><br>Hinsichtlich der Sie betreffenden personenbezogenen Daten haben Sie gegen\u00fcber uns folgende Rechte: Recht auf Auskunft, Recht auf Daten\u00fcbertragbarkeit, Recht auf Widerspruch gegen die Verarbeitung, Recht auf Einschr\u00e4nkung der Verarbeitung, Recht auf Berichtigung oder L\u00f6schung. Zudem haben Sie das Recht, sich bei einer Datenschutz-Aufsichtsbeh\u00f6rde \u00fcber die Verarbeitung Ihrer personenbezogenen Daten durch uns zu beschweren.<\/p>\r\n<p><strong>\u00a7 3 Erhebung personenbezogener Daten bei Besuch unserer Website<\/strong><br><strong>&nbsp;<\/strong><br><strong>Wenn Sie unsere Website lediglich informatorisch besuchen<\/strong><br>Wenn Sie unsere Website lediglich informatorisch nutzen, das hei\u00dft Sie sich nicht registrieren oder sonst Informationen \u00fcbermitteln (z.B. Newsletter-Anmeldung), verarbeiten wir nur die personenbezogenen Daten, die Ihr Browser bzw. Computersystem an unsere Server \u00fcbermittelt. Wir verarbeiten die Daten, weil Sie technisch erforderlich sind, um Ihnen unsere Website anzuzeigen, als auch die Stabilit\u00e4t und Sicherheitzu gew\u00e4hrleisten. Die Rechtsgrundlage hierf\u00fcr ist Art. 6 Abs. 1 S. 1 lit. f DS-GVO. Folgende Daten werden dabei im Konkreten verarbeitet: IP-Adresse, Datum und Uhrzeit der Anfrage, Zeitzonendifferenz zur Greenwich Mean Time (GMT), Inhalt der Anforderung (konkrete Seite), Zugriffsstatus\/HTTP-Statuscode, \u00fcbertragene Datenmenge, Website von der die Anforderung kommt, Browser (z.B. Sprache, Version, Hersteller), Betriebssystem.<\/p>\r\n<p><strong>Nutzung von Cookies<\/strong><br>Auf Ihrem Rechner werden bei der Nutzung unserer Website Cookies gespeichert, zus\u00e4tzlich zu den davor genannten Daten. Cookies sind kleine Textdateien, die auf Ihrer Festplatte dem von Ihnen verwendeten Browser zugeordnet gespeichert werden und sie dienen dazu, das Internetangebot insgesamt nutzerfreundlicher und effektiver zu machen. Die Stelle, die den Cookie setzt (hier BaySec &#8211; Bayerische Gesellschaft f\u00fcr Cybersicherheit mbH), flie\u00dfen dadurch bestimmte Informationen zu. Cookies k\u00f6nnen keine Viren auf Ihren Rechner \u00fcbertragen oder Programme ausf\u00fchren.<\/p>\r\n<p>Diese Website nutzt \u201cTransiente Cookies\u201d (tempor\u00e4rere Speicherung), \u201cPersistente Cookies\u201d (zeitlich beschr\u00e4nkte Speicherung), sowie Third-Party Cookies (von Drittanbietern gespeichert). Nachfolgend erl\u00e4utern wir den Umfang und Funktionsweise:<br>* Transiente Cookies, dazu z\u00e4hlen auch sogenannte Session Cookies, werden nur tempor\u00e4r gespeichert und automatisiert gel\u00f6scht, wenn Sie den Browser schlie\u00dfen. Transiente Cookies arbeiten mit einer sogenannten Session-ID, mit welcher sich verschiedene Anfragen Ihres Browsers damit zuordnen lassen. Mit solchen Cookies kann Ihr Rechner wieder identifiziert werden, wenn Sie unsere Website wieder besuchen.<br>* Persistente Cookies werden automatisiert nach einer vorgegebenen Dauer gel\u00f6scht, die je nach Cookie individuell sein kann. Wenn Sie Ihren Browser also schlie\u00dfen, bleiben solche Cookies bis zum Ablauf dieser Dauer auf Ihrem Rechner gespeichert.<br>* Third-Party Cookies werden durch Drittanbieter erstellt.<\/p>\r\n<p>In Ihrem Browser k\u00f6nnen Sie entsprechend Ihren Vorlieben die Verarbeitung von Cookies einstellen bzw. l\u00f6schen und z. B. die Speicherung von Cookies grunds\u00e4tzlich ablehnen. Wir weisen darauf hin, dass manche Funktionen unserer Website dadurch nicht nutzbar werden k\u00f6nnen bzw. Ihre Erfahrung bei der Benutzung unserer Website einschr\u00e4nken. Machen Sie sich gegegebenfalls mit der Bedienung Ihres Browsers heirf\u00fcr vertraut. Wir setzen Cookies ein, um Sie f\u00fcr Folgebesuche identifizieren zu k\u00f6nnen, falls Sie \u00fcber einen Account bei uns verf\u00fcgen. Andernfalls m\u00fcssten Sie sich f\u00fcr jeden Besuch erneut bei uns anmelden.<\/p>\r\n<p><strong>\u00a7 4 Weitere Funktionen und Angebote unserer Website<\/strong><br>Zus\u00e4tzlich zu der rein informatorischen Nutzung unserer Website bieten wir verschiedene Leistungen an. Diese k\u00f6nnen Sie bei Interesse nutzen. In der Regel ist damit eine Angabe weiterer personenbezogenen Daten notwendig, welche wir zum Zwecke der Leistungserf\u00fcllung nutzen. F\u00fcr diese gelten ebenfalls die zuvor beschriebenen Datenverarbeitungs-Grunds\u00e4tze. F\u00fcr die Verarbeitung Ihrer Daten bedienen wir uns teilweise externer Dienstleister. Wir haben diese sorgf\u00e4ltig ausgew\u00e4hlt und beauftragt. Diese sind an unsere Weisungen gebunden. Wir informieren Sie in der Beschreibung unseres Angebots, wenn unsere Dienstleister oder Partner ihren Sitz in einem Staat au\u00dferhalb des Europ\u00e4ischen Wirtschaftsraumen (EWR) haben, dies gilt auch f\u00fcr Folgen dieses Umstands.<\/p>\r\n<p><strong>\u00a7 5 Newsletter<\/strong><br>Sie k\u00f6nnen optional unseren Newsletter abonnieren und zeigen uns durch aktive Anmeldung und Best\u00e4tigung Ihre Einwilligung an. Mit dem Newsletter erhalten Sie aktuelle Informationen zu Sicherheit, Angebote und Aktionen von BaySec &#8211; Bayerische Gesellschaft f\u00fcr Cybersicherheit mbH.<\/p>\r\n<p>Sie k\u00f6nnen sich im sog. Double-opt-in-Verfahren zum Newsletter anmelden. Dabei senden wir Ihnen nach der Anmeldung eine e-Mail an die von Ihnen angegebene e-Mail Adresse. Sie m\u00fcssen in dieser e-Mail auf den Link zur Best\u00e4tigung klicken. Erst danach ist die Newsletter-Anmeldung aktiviert. Wenn Sie Ihre Anmeldung nicht best\u00e4tigen, werden Ihre Informationen nach einem Monat automatisch gel\u00f6scht. Wir speichern jeweiligs Ihre IP-Adresse und Zeitpunkt der Anmeldung sowie der Best\u00e4tigung. Grund f\u00fcr diese Speicherung ist, Ihre Anmeldung nachweisen und ggf. in der Lage zu sein einen m\u00f6glichen Missbrauch Ihrer pers\u00f6nlichen Daten aufzukl\u00e4ren. Wir brauchen mindestens Ihre e-Mail Adresse f\u00fcr die Anmeldung zum Newsletter. Weitere Daten sind freiwillig, z.B. um Sie pers\u00f6nlich ansprechen zu k\u00f6nnen. Sobald Sie den Newsletter im Rahmen des Double-opt-in-Verfahren best\u00e4tigt haben, speichern wir die zuvor aufgef\u00fchrten Daten zum Zwecke der Zusendung des Newsletters. Die Rechtsgrundlage hierf\u00fcr ist Art. 6 Abs. 1 S. 1 lit. a DS-GVO. Die Einwilligung zum Erhalt des Newsletters k\u00f6nnen Sie zu jedem Zeitpunkt widerrufen und somit den Newsletter abbestellen. Hierf\u00fcr finden Sie in jeder Newsletter e-Mail einen bereitgestellten Link. Sie k\u00f6nnen uns auch eine eMail an newsletter@bay-sec.de schreiben oder sich per Kontaktformular an uns wenden.<\/p>\r\n<p><strong>\u00a7 6 Widerspruch oder Widerruf gegen die Verarbeitung Ihrer Daten<\/strong><\/p>\r\n<p>Selbstverst\u00e4ndlich k\u00f6nnen Sie Ihe Einwilligung zur Verarbeitung Ihrer Daten jederzeit widerrufen, falls Sie zuvor eine Einwilligung zur Verarbeitung Ihrer Daten erteilt haben.<br>Falls wir die Verarbeitung Ihrer personenbezogenen Daten auf Grundlage einer Interessenabw\u00e4gung st\u00fctzen, k\u00f6nnen Sie dagegen Widerspruch einlegen.<\/p>\r\n<p>\u00dcber Ihren Werbewiderspruch k\u00f6nnen Sie uns unter folgenden Kontaktdaten informieren:<br>BaySec &#8211; Bayerische Gesellschaft f\u00fcr Cybersicherheit mbH<br><br>Datenschutz<br>Stoi\u00dfberg 79<br>83454 Anger<br>E-Mail:&nbsp;privacy@bay-sec.de<\/p>\r\n<p><strong>\u00a7 7 Social Media und Github<\/strong><br>Wir benutzen statische Links zu Social Media und Github Kan\u00e4len. Wenn Sie einen solchen Link anklicken verlassen Sie den Bereich von BaySec &#8211; Bayerische Gesellschaft f\u00fcr Cybersicherheit mbH. Obwohl sorgf\u00e4ltiger inhaltlicher Kontrolle \u00fcbernehmen wir keine Haftung f\u00fcr die Inhalte und Datenverarbeitung externer Links. F\u00fcr den Inhalt und Datenverarbeitung der verlinkten Seiten sind ausschlie\u00dflich deren Betreiber verantwortlich.<\/p>\r\n<p>\u00a9 BaySec &#8211; Bayerische Gesellschaft f\u00fcr Cybersicherheit mbH. Stand 2023.<\/p>\r\n<\/td>\r\n<td>\r\n<p><strong>English version<\/strong><\/p>\r\n<p>Below you can see our privacy policy. In case of a possible objection, the German version applies.<\/p>\r\n<p><strong>\u00a7 1 Information about the collection of personal data<\/strong><\/p>\r\n<p>In the following we inform you how we collect and process personal data when you use our website. Personal data are all data that can be related to you personally. These are, for example, name, address, e-mail address. According to Art. 4 (7) EU General Data Protection Regulation (DS-GVO), the responsible party is BaySec &#8211; Bayerische Gesellschaft f\u00fcr Cybersicherheit mbH, Stoissberg 79, 83454 Anger (see our imprint for more information). If you contact us by e-mail or by contact form, we store the data you provide so that we can process or answer your question. We delete this data after the storage of the data is no longer necessary, or we restrict the processing should legal storage obligations make this necessary. In the event that we use contracted service providers for individual functions within the scope of our data processing, we will inform you about this in detail below. This also applies if we wish to use your data for advertising purposes. You will also be informed about the criteria for the storage period.<\/p>\r\n<p><strong>\u00a7 2 Your rights<\/strong><\/p>\r\n<p>With regard to the personal data concerning you, you have the following rights vis-\u00e0-vis us: right to information, right to data portability, right to object to processing, right to restrict processing, right to rectification or deletion. In addition, you have the right to complain to a data protection supervisory authority about the processing of your personal data by us.<\/p>\r\n<p><strong>\u00a7 3 Collection of personal data when visiting our website<\/strong><\/p>\r\n<p><strong>If you visit our website for information purposes only<\/strong><br>If you use our website merely for information purposes, i.e. you do not register or otherwise transmit information (e.g. newsletter registration), we only process the personal data that your browser or computer system transmits to our servers. We process the data because they are technically necessary to display our website and to ensure stability and security. The legal basis for this is Art. 6 para. 1 p. 1 lit. f DS-GVO. The following data is processed specifically: IP address, date and time of the request, time zone difference to Greenwich Mean Time (GMT), content of the request (specific page), access status\/HTTP status code, amount of data transferred, website from which the request comes, browser (e.g. language, version, manufacturer), operating system.<\/p>\r\n<p><strong>Use of cookies<\/strong><br>Cookies are stored on your computer when you use our website, in addition to the data mentioned before. Cookies are small text files that are stored on your hard drive assigned to the browser you are using and they are used to make the website as a whole more user-friendly and effective. The place, which sets the Cookie (here BaySec &#8211; Bayerische Gesellschaft f\u00fcr Cybersicherheit mbH), flows thereby certain information to. Cookies cannot transfer viruses to your computer or execute programs.<\/p>\r\n<p>This website uses \u201ctransient cookies\u201d (temporary storage), \u201cpersistent cookies\u201d (storage limited in time), as well as third-party cookies (stored by third-party providers). Below we explain the scope and functionality:<\/p>\r\n<p>* Transient cookies, which include so-called session cookies, are only stored temporarily and are automatically deleted when you close the browser. Transient cookies work with a so-called session ID, with which various requests from your browser can thus be assigned. With such cookies, your computer can be identified again when you visit our website again.<br>* Persistent cookies are automatically deleted after a specified duration, which can be individual depending on the cookie. Thus, when you close your browser, such cookies remain stored on your computer until this duration expires.<br>* Third-party cookies are created by third-party providers.<\/p>\r\n<p>In your browser, you can set or delete the processing of cookies according to your preferences and, for example, generally reject the storage of cookies. We would like to point out that some functions of our website may not be usable as a result or may limit your experience when using our website. If necessary, familiarize yourself with the operation of your browser. We use cookies to identify you for subsequent visits if you have an account with us. Otherwise, you would have to register with us again for each visit.<\/p>\r\n<p><strong>\u00a7 4 Further functions and offers of our website<\/strong><br>In addition to the purely informational use of our website, we offer various services. You can use these if you are interested. As a rule, this requires the provision of further personal data, which we use for the purpose of fulfilling the service. The data processing principles described above also apply to these. For the processing of your data, we sometimes use external service providers. We have carefully selected and commissioned these. They are bound by our instructions. We inform you in the description of our offer if our service providers or partners are based in a state outside the European Economic Area (EEA), this also applies to consequences of this circumstance.<\/p>\r\n<p><strong>\u00a7 5 Newsletter<\/strong><br>You can optionally subscribe to our newsletter and show us your consent by actively registering and confirming. With the newsletter you will receive current information about security, offers and promotions from BaySec &#8211; Bayerische Gesellschaft f\u00fcr Cybersicherheit mbH.<\/p>\r\n<p>You can register for the newsletter using the so-called double-opt-in procedure. After registration, we will send you an e-mail to the e-mail address you have provided. You must click on the confirmation link in this e-mail. Only then is the newsletter registration activated. If you do not confirm your registration, your information will be automatically deleted after one month. We store your IP address and the time of registration and confirmation. Reason for this storage is to prove your registration and if necessary to be able to clarify a possible abuse of your personal data. We need at least your e-mail address to register for the newsletter. Further data are voluntary, e.g. to be able to address you personally. Once you have confirmed the newsletter as part of the double-opt-in process, we store the previously listed data for the purpose of sending the newsletter. The legal basis for this is Art. 6 para. 1 p. 1 lit. a DS-GVO. You can revoke your consent to receive the newsletter at any time and thus unsubscribe from the newsletter. For this purpose, you will find a link provided in every newsletter e-mail. You can also write us an eMail to newsletter@bay-sec.de or contact us via contact form.<\/p>\r\n<p><strong>\u00a7 6 Objection or revocation against the processing of your data<\/strong><\/p>\r\n<p>Of course, you can revoke your consent to the processing of your data at any time, if you have previously given your consent to the processing of your data.<br>If we base the processing of your personal data on a balance of interests, you can object to this.<\/p>\r\n<p>You can inform us of your advertising objection using the following contact details:<br>BaySec &#8211; Bayerische Gesellschaft f\u00fcr Cybersicherheit mbH<br><br>Data Protection<br>Stoi\u00dfberg 79<br>83454 Anger<br>E-mail:&nbsp;privacy@bay-sec.de<\/p>\r\n<p><strong>\u00a7 7 Social Media und Github<\/strong><br>We use static links to social media channels. If you click on such a link, you will leave the BaySec &#8211; Bayerische Gesellschaft f\u00fcr Cybersicherheit mbH area. Although we carefully check the content, we do not assume any liability for the content and data processing of external links. For the content and data processing of the linked pages are solely responsible for their operators.<\/p>\r\n<p>\u00a9 BaySec &#8211; Bayerische Gesellschaft f\u00fcr Cybersicherheit mbH. Status 2023.<\/p>\r\n<\/td>\r\n<\/tr>\r\n<\/tbody>\r\n<\/table>\r\n<\/figure><!-- Created with Elementor --><!-- Created with Elementor -->","protected":false},"excerpt":{"rendered":"<p>Deutsche Version Nachfolgend sehen Sie unsere Datenschutzerkl\u00e4rung. Im Falle eines m\u00f6glichen Widerspruchs gilt die deutsche Version. \u00a7 1 Information \u00fcber die Erhebung personenbezogener Daten&nbsp;Nachfolgend informieren wir wie wir personenbezogene Daten erheben und verarbeiten, wenn Sie unsere Website benutzen. Als personenbezogene Daten sind alle Daten einzuordnen, welche auf Sie pers\u00f6nlich beziehbar sind. Das sind beispielsweise Name,&hellip; <br \/> <a class=\"read-more\" href=\"https:\/\/bay-sec.de\/dach\/datenschutzerklaerung-vorherige-version-bis-14-mai-2025\/\">Read more<\/a><\/p>\n","protected":false},"author":1,"featured_media":0,"parent":0,"menu_order":0,"comment_status":"closed","ping_status":"closed","template":"pro\/page-templates\/full-width-page.php","meta":{"footnotes":""},"class_list":["post-7835","page","type-page","status-publish","hentry"],"_links":{"self":[{"href":"https:\/\/bay-sec.de\/dach\/wp-json\/wp\/v2\/pages\/7835","targetHints":{"allow":["GET"]}}],"collection":[{"href":"https:\/\/bay-sec.de\/dach\/wp-json\/wp\/v2\/pages"}],"about":[{"href":"https:\/\/bay-sec.de\/dach\/wp-json\/wp\/v2\/types\/page"}],"author":[{"embeddable":true,"href":"https:\/\/bay-sec.de\/dach\/wp-json\/wp\/v2\/users\/1"}],"replies":[{"embeddable":true,"href":"https:\/\/bay-sec.de\/dach\/wp-json\/wp\/v2\/comments?post=7835"}],"version-history":[{"count":2,"href":"https:\/\/bay-sec.de\/dach\/wp-json\/wp\/v2\/pages\/7835\/revisions"}],"predecessor-version":[{"id":7837,"href":"https:\/\/bay-sec.de\/dach\/wp-json\/wp\/v2\/pages\/7835\/revisions\/7837"}],"wp:attachment":[{"href":"https:\/\/bay-sec.de\/dach\/wp-json\/wp\/v2\/media?parent=7835"}],"curies":[{"name":"wp","href":"https:\/\/api.w.org\/{rel}","templated":true}]}}